.
-11
Let v(u) = -u**3 - 17*u**2 + 44*u + 112. Give v(-19).
-2
Let i(y) = 282*y + 223. Give i(2).
787
Let u(n) = -n**3 + 53*n**2 - 656*n - 33. What is u(20)?
47
Let l(n) = 2*n**2 + 7*n - 264. Give l(-13).
-17
Let h(a) = -12*a**2 - 126*a - 57. Calculate h(-10).
3
Let s(b) = 2*b**3 + 17*b**2 - 28*b + 6. Calculate s(-10).
-14
Let l(k) = -11*k + 115. Determine l(5).
60
Let d(g) = 5*g**2 - 3*g - 14. What is d(0)?
-14
Let m(l) = -l**3 - 15*l**2 - 30*l + 10. Give m(-9).
-206
Let a(b) = 149*b + 1747. Determine a(-12).
-41
Let c(h) = 61*h + 1434. Determine c(-21).
153
Let n(k) = -2*k - 74. What is n(-35)?
-4
Let o(u) = -5*u**2 - 933*u + 2840. Determine o(3).
-4
Let p(d) = -118*d - 1288. Calculate p(-11).
10
Let o(y) = 21*y + 1114. Give o(-50).
64
Let b(p) = 3472*p - 38198. Give b(11).
-6
Let g(n) = 20*n**3 + 8. Determine g(-2).
-152
Let w(g) = -221*g - 5309. Determine w(-24).
-5
Let p(h) = 515*h - 1234. What is p(4)?
826
Let s(k) = -k**2 - 9*k + 326. Calculate s(14).
4
Let u(p) = -43*p - 216. Give u(-13).
343
Let q(y) = 4*y**2 + 38*y + 398. Give q(-9).
380
Let z(h) = h**2 - 62*h - 555. Calculate z(-8).
5
Let g(w) = 1239*w - 204435. Determine g(165).
0
Let w(o) = o**2 + 328*o + 2270. Calculate w(-7).
23
Let o(r) = r**2 + 19*r + 33. Calculate o(-23).
125
Let s(c) = -2*c**3 - 18*c**2 - 22*c - 29. Determine s(-8).
19
Let c(a) = 15*a**2 - 98*a - 12. What is c(7)?
37
Let d(r) = 2*r**2 - 114*r + 225. Give d(2).
5
Let z(b) = 2165*b + 10823. Give z(-5).
-2
Let q(d) = -10*d**2 - 44*d - 49. Calculate q(-3).
-7
Let i(m) = 141*m + 1667. Calculate i(-13).
-166
Let h(v) = 398*v - 9147. Calculate h(23).
7
Let i(a) = -23*a**3 + 3*a**2 + 7*a + 5. Calculate i(-3).
632
Let g(y) = y**3 - 3*y**2 - 70*y - 169. Calculate g(-4).
-1
Let u(c) = 136*c + 391. What is u(-3)?
-17
Let y(i) = -i**3 + 86*i**2 + 264*i - 7774. Determine y(88).
-30
Let c(j) = -237*j**2 + 9*j + 9. Give c(-1).
-237
Let h(m) = m**2 + 76*m + 206. What is h(-73)?
-13
Let z(g) = 35*g**2 + 324*g + 55. Give z(-9).
-26
Let l(u) = u**2 - 35*u + 98. Give l(3).
2
Let m(s) = s**3 - 15*s**2 - 126*s + 8. Give m(21).
8
Let n(s) = -946*s + 35036. Determine n(37).
34
Let q(s) = s**3 + 14*s**2 + 44*s + 4. What is q(-7)?
39
Let z(v) = -v**2 - 130*v - 2922. What is z(-99)?
147
Let o(w) = -w**2 - 60*w - 334. Calculate o(-54).
-10
Let d(c) = 47*c**2 - 240*c + 8. Determine d(5).
-17
Let q(s) = s - 53. What is q(26)?
-27
Let s(i) = -21*i**3 + 4*i**2 - 48*i + 46. Calculate s(1).
-19
Let j(v) = -34*v**3 + 510*v**2 + v - 20. Calculate j(15).
-5
Let s(z) = 2*z**2 + 10*z - 37. Give s(4).
35
Let q(b) = 9*b**3 + 80*b**2 - 12*b - 14. What is q(-9)?
13
Let x(i) = -11*i**3 - 6*i**2 + 7*i + 4. Give x(2).
-94
Let j(v) = -v**3 + 39*v**2 - 44*v + 70. What is j(38)?
-158
Let h(y) = -47*y - 307. What is h(-13)?
304
Let i(w) = -18*w + 1285. Calculate i(71).
7
Let q(h) = h**3 + 2*h**2 + 2*h + 47. Give q(-5).
-38
Let u(t) = -t**2 + 14*t + 113. What is u(15)?
98
Let i(o) = 29*o - 642. Give i(20).
-62
Let q(d) = 7*d**2 + 1228*d + 1778. Determine q(-174).
38
Let c(y) = -y**2 - 77*y - 1067. What is c(-20)?
73
Let a(w) = -w**3 + 22*w**2 + 99*w - 2526. Calculate a(21).
-6
Let u(m) = 88*m + 31. Determine u(-3).
-233
Let m(v) = -v**2 - 27*v + 407. Calculate m(-36).
83
Let i(z) = 44*z - 222. Determine i(7).
86
Let s(z) = 2*z**3 - 18*z**2 + 12*z + 24. What is s(8)?
-8
Let k(h) = -293*h + 1119. Calculate k(4).
-53
Let j(r) = 12*r**2 - 228*r. Give j(19).
0
Let z(n) = 23*n**2 + 95*n + 19. What is z(-4)?
7
Let w(m) = m**2 + 10*m + 4. Give w(-14).
60
Let m(n) = -2*n**3 + 16*n**2 + 11*n - 5. Give m(0).
-5
Let h(g) = g**2 - 53*g + 582. Give h(39).
36
Let o(y) = 12*y**2 + 2*y - 12. Calculate o(-5).
278
Let x(l) = -7*l**3 + 200*l**2 - 199*l. Determine x(1).
-6
Let j(k) = -96*k**2 + 28*k - 54. What is j(2)?
-382
Let n(w) = -9*w**2 + 24*w - 110. Determine n(4).
-158
Let f(p) = 22*p + 704. Give f(-32).
0
Let n(p) = -601*p + 600. Give n(1).
-1
Let c(u) = -26*u + 16. Give c(12).
-296
Let m(u) = 722*u + 20208. Calculate m(-28).
-8
Let x(r) = -r**2 + 35*r + 137. Calculate x(33).
203
Let b(k) = 9*k + 309. Determine b(-39).
-42
Let k(h) = h**3 - 104*h**2 - 1392*h + 95. What is k(116)?
95
Let x(p) = -p**3 - 4*p**2 + 3*p - 4. What is x(-4)?
-16
Let i(m) = 5*m**2 + 50*m - 14. What is i(-10)?
-14
Let o(x) = x**3 + 17*x**2 + 12*x - 84. Determine o(-3).
6
Let i(d) = d**2 + 96*d + 1248. Determine i(-15).
33
Let g(v) = 61*v - 3415. Determine g(54).
-121
Let p(b) = -33*b**2 - 328*b + 6. Calculate p(-10).
-14
Let y(o) = -o**2 + 20*o + 1055. Calculate y(-24).
-1
Let g(l) = -l**2 + 1072*l + 3224. What is g(-3)?
-1
Let c(l) = -l**3 + 11*l**2 - 26*l + 60. Determine c(9).
-12
Let n(c) = 806*c + 5687. Give n(-7).
45
Let g(i) = 6*i**2 - 25*i. Determine g(5).
25
Let u(o) = 91*o - 3. Calculate u(-2).
-185
Let c(z) = -16*z**3 - 62*z**2 + 8*z - 6. Calculate c(-4).
-6
Let i(l) = 14*l**3 - 76*l**2 + 157*l - 1. Give i(2).
121
Let n(m) = -m**3 + 61*m**2 - 137*m + 1129. Calculate n(59).
8
Let o(q) = -1540*q + 60056. Determine o(39).
-4
Let j(g) = -42*g**2 - 3066*g - 36. Calculate j(-73).
-36
Let i(g) = 1515*g + 6144. What is i(-4)?
84
Let s(i) = i**2 - 9*i + 10. Determine s(-13).
296
Let w(m) = m**3 - 14*m**2 + 6*m - 71. Determine w(16).
537
Let z(i) = i**3 + 7*i**2 + 6*i + 193. Give z(-9).
-23
Let o(q) = q**3 - 46*q**2 + 43*q + 14. Calculate o(45).
-76
Let g(w) = -29*w**2 + 148*w + 582. Calculate g(-4).
-474
Let x(a) = 2*a**3 - 21*a**2 - 20*a + 58. Determine x(11).
-41
Let d(u) = -508*u + 5. Determine d(0).
5
Let a(g) = -8*g - 170. Determine a(-24).
22
Let o(x) = -910*x - 10919. Give o(-12).
1
Let i(f) = -35*f - 2077. What is i(-59)?
-12
Let c(n) = -n**3 - 3*n**2 + 3*n - 29. What is c(6)?
-335
Let b(p) = 5*p**3 + 725*p**2 + 6*p + 873. What is b(-145)?
3
Let l(u) = u**3 - 6*u**2 + 24*u - 103. What is l(5)?
-8
Let b(s) = -42*s**2 - 128*s - 1. Give b(-3).
5
Let s(z) = z**2 + 12*z - 618. What is s(15)?
-213
Let w(t) = -t**2 + 199*t + 400. What is w(-2)?
-2
Let z(v) = 740*v - 5185. Determine z(7).
-5
Let h(k) = -k**3 - 72*k**2 - 278*k - 429. Calculate h(-68).
-21
Let l(p) = p**2 + 42*p - 169. Determine l(-45).
-34
Let l(v) = v**3 + 39*v**2 - 87*v - 219. Determine l(-41).
-14
Let i(s) = 6*s**2 + 4*s + 2. What is i(-1)?
4
Let j(m) = -m + 25. Determine j(-21).
46
Let t(n) = 3*n**2 + 3*n - 424. What is t(-12)?
-28
Let t(w) = -3*w**3 + 7*w**2 + w + 27. Give t(6).
-363
Let k(g) = -g**3 - 38*g**2 + 34*g - 103. Give k(-39).
92
Let h(f) = -158*f**2 - 1. What is h(1)?
-159
Let k(u) = 7*u**2 - 14*u - 50. Give k(-7).
391
Let r(h) = 45*h - 1602. Calculate r(32).
-162
Let f(i) = i**3 + 2*i**2 - 52*i - 165. Calculate f(-6).
3
Let p(i) = 28*i + 724. Give p(-26).
-4
Let c(z) = 2*z**2 + 7*z - 7. Give c(-7).
42
Let f(t) = -3*t**3 + 149*t**2 + 57*t - 405. Calculate f(50).
-55
Let r(m) = 18*m**2 - 10*m - 51. Give r(-3).
141
Let l(z) = -181*z - 6558. Calculate l(-36).
-42
Let t(k) = -53*k**2 + 383*k - 23. What is t(7)?
61
Let v(y) = 2768*y + 11063. What is v(-4)?
-9
Let c(z) = 13*z - 212. What is c(17)?
9
Let v(g) = -450*g + 28790. What is v(64)?
-10
Let f(c) = 16524*c - 82648. What is f(5)?
-28
Let z(x) = 33*x + 165. Calculate z(-5).
0
Let c(m) = 82*m**2 - m + 139. Calculate c(0).
139
Let k(o) = -2*o**3 + 31*o**2 - 82*o - 28. Give k(12).
-4
Let v(l) = -2*l**2 + 162*l - 168. Calculate v(80).
-8
Let p(l) = -39*l + 279. Calculate p(-12).
747
Let g(t) = -192*t**3 - 2*t**2 + t + 1. Give g(1).
-192
Let l(u) = -u**2 - 18*u - 138. Give l(-10).
-58
Let v(r) = -9*r - 393. Calculate v(-40).
-33
Let k(j) = -12*j**3 - 1131*j**2 - 280*j + 94. What is k(-94)?
-94
Let v(o) = -9932*o - 69530. Determine v(-7).
-6
Let q(d) = 381*d + 20. Determine q(-1).
-361
Let b(g) = g**3 + 24*g**2 + 31*g + 116. Calculate b(-24).
-628
Let k(h) = 50*h - 191. Give k(3).
-41
Let a(s) = -s**2 + 8950*s - 38. Determine a(0).
-38
Let i(b) = -3*b**3 - 44*b**2 + 22*b + 51. Give i(-15).
-54
Let l(q) = -16*q - 668. Calculate l(-47).
84
Let z(g) = -1830*g + 5490. What is z(3)?
0
Let z(o) = 27*o**3 - 8*o**2 + 8*o - 16. What is z(-3)?
-841
Let d(j) = -194*j - 7. Determine d(0).
-7
Let v(d) = 1989*d - 23868. Give v(12).
0
Let t(p) = p**3 + 37*p**2 + 26*p - 333. What is t(-36)?
27
Let u(a) = -108*a - 675. Calculate u(-11).
513
Let s(w) = -w**2 - 43*w + 1521. Calculate s